nd 118.
59
Calculate the highest common factor of 91 and 663.
13
What is the greatest common divisor of 6371 and 554?
277
Calculate the highest common factor of 21436 and 92.
92
What is the highest common divisor of 150 and 7950?
150
Calculate the highest common divisor of 8846 and 2.
2
What is the highest common divisor of 40 and 24?
8
Calculate the greatest common factor of 1462 and 34.
34
What is the highest common factor of 64 and 2?
2
What is the greatest common factor of 8436 and 114?
114
What is the highest common factor of 451 and 41?
41
Calculate the greatest common factor of 116 and 25636.
116
Calculate the greatest common factor of 13 and 39.
13
Calculate the greatest common factor of 553 and 21.
7
What is the greatest common divisor of 89 and 89?
89
Calculate the highest common divisor of 40 and 520.
40
Calculate the greatest common divisor of 106 and 36994.
106
What is the greatest common divisor of 90 and 2235?
15
What is the greatest common divisor of 140 and 80?
20
Calculate the greatest common divisor of 1044 and 180.
36
What is the greatest common factor of 4607 and 813?
271
Calculate the highest common divisor of 22 and 2266.
22
What is the highest common divisor of 9 and 516?
3
What is the highest common factor of 60 and 3120?
60
Calculate the highest common divisor of 116 and 290.
58
Calculate the highest common factor of 32 and 13632.
32
What is the greatest common divisor of 360 and 140?
20
Calculate the greatest common factor of 32 and 352.
32
What is the highest common divisor of 84 and 28?
28
What is the greatest common factor of 6633 and 121?
11
Calculate the greatest common factor of 1817 and 184.
23
Calculate the highest common factor of 132 and 45276.
132
What is the highest common factor of 184 and 8?
8
Calculate the greatest common factor of 142 and 72278.
142
What is the highest common factor of 10890 and 11?
11
What is the greatest common factor of 128 and 4?
4
What is the highest common divisor of 16 and 1744?
16
What is the greatest common factor of 2681 and 7?
7
What is the highest common factor of 39 and 351?
39
What is the greatest common factor of 266 and 14?
14
What is the greatest common divisor of 2016 and 294?
42
What is the highest common factor of 3024 and 108?
108
Calculate the highest common divisor of 50 and 410.
10
What is the greatest common factor of 322 and 46?
46
What is the highest common divisor of 261 and 9?
9
Calculate the greatest common factor of 23 and 7889.
23
What is the greatest common factor of 76 and 361?
19
What is the highest common divisor of 33 and 1353?
33
Calculate the highest common divisor of 7904 and 48.
16
Calculate the greatest common factor of 8 and 536.
8
What is the greatest common divisor of 4070 and 518?
74
Calculate the highest common divisor of 1080 and 1520.
40
Calculate the highest common divisor of 294 and 462.
42
Calculate the highest common divisor of 96 and 408.
24
What is the highest common factor of 115 and 23?
23
Calculate the highest common factor of 245 and 10.
5
Calculate the greatest common factor of 78 and 91.
13
Calculate the greatest common factor of 55 and 319.
11
What is the greatest common factor of 561 and 6?
3
Calculate the highest common factor of 519 and 3.
3
Calculate the highest common divisor of 40 and 16420.
20
Calculate the greatest common factor of 39 and 3978.
39
What is the highest common factor of 375 and 9250?
125
What is the greatest common factor of 37 and 1?
1
Calculate the highest common factor of 81 and 189.
27
Calculate the greatest common divisor of 497 and 142.
71
Calculate the highest common divisor of 200 and 25.
25
What is the highest common factor of 31120 and 80?
80
Calculate the highest common factor of 41 and 3.
1
What is the highest common divisor of 30 and 1938?
6
What is the greatest common factor of 2489 and 1703?
131
Calculate the highest common factor of 34 and 221.
17
Calculate the greatest common divisor of 1260 and 2394.
126
Calculate the greatest common divisor of 3813 and 41.
41
Calculate the highest common factor of 1 and 38.
1
What is the highest common factor of 75 and 2225?
25
What is the highest common factor of 118 and 6?
2
Calculate the greatest common divisor of 87 and 3219.
87
What is the greatest common divisor of 28 and 756?
28
Calculate the highest common divisor of 25 and 7325.
25
Calculate the greatest common factor of 54 and 41985.
27
Calculate the greatest common divisor of 68 and 7667.
17
What is the highest common divisor of 41 and 41?
41
Calculate the highest common divisor of 87 and 203.
29
Calculate the highest common factor of 50 and 3625.
25
Calculate the highest common divisor of 4 and 452.
4
What is the highest common factor of 64 and 1696?
32
What is the highest common divisor of 75 and 210?
15
What is the highest common factor of 21 and 651?
21
Calculate the greatest common divisor of 416 and 78.
26
What is the highest common divisor of 252 and 2492?
28
What is the greatest common factor of 1332 and 74?
74
Calculate the greatest common factor of 113 and 16.
1
Calculate the greatest common divisor of 1102 and 174.
58
What is the greatest common divisor of 1710 and 144?
18
What is the greatest common factor of 96 and 1212?
12
What is the highest common factor of 1235 and 845?
65
Calculate the greatest common divisor of 1 and 8.
1
Calculate the greatest common factor of 70 and 80.
10
Calculate the highest common divisor of 3948 and 94.
94
Calculate the highest common factor of 586 and 47759.
293
What is the greatest common divisor of 1139 and 17?
17
Calculate the greatest common divisor of 196 and 2793.
49
What is the greatest common factor of 50 and 140?
10
Calculate the highest common divisor of 612 and 85.
17
What is the highest common divisor of 17 and 10999?
17
Calculate the greatest common factor of 59 and 14219.
59
Calculate the highest common divisor of 32 and 208.
16
Calculate the greatest common divisor of 1038 and 12.
6
What is the greatest common factor of 204 and 272?
68
Calculate the highest common divisor of 899 and 4681.
31
What is the highest common factor of 100 and 17600?
100
Calculate the highest common divisor of 119 and 21.
7
What is the greatest common factor of 1083 and 57?
57
Calculate the highest common factor of 122 and 18.
2
Calculate the highest common divisor of 5121 and 81.
9
Calculate the greatest common factor of 286 and 416.
26
Calculate the greatest common factor of 108 and 8046.
54
What is the highest common divisor of 27764 and 44?
44
Calculate the greatest common divisor of 385 and 10450.
55
What is the highest common factor of 85 and 34?
17
Calculate the greatest common factor of 10047 and 51.
51
Calculate the greatest common factor of 63509 and 41.
41
What is the highest common factor of 539 and 245?
49
Calculate the greatest common divisor of 38 and 551.
19
What is the highest common factor of 108 and 252?
36
Calculate the greatest common factor of 104 and 4238.
26
Calculate the highest common divisor of 1127 and 2047.
23
Calculate the highest common divisor of 68 and 272.
68
What is the highest common factor of 518 and 74?
74
Calculate the greatest common factor of 54 and 621.
27
Calculate the greatest common divisor of 1890 and 4970.
70
What is the highest common factor of 257 and 3?
1
What is the highest common divisor of 99 and 9?
9
What is the greatest common factor of 861 and 9?
3
Calculate the greatest common divisor of 66 and 14982.
66
Calculate the highest common divisor of 3421 and 11.
11
What is the highest common divisor of 470 and 94?
94
What is the highest common factor of 4577 and 46?
23
Calculate the highest common factor of 52 and 12636.
52
What is the greatest common divisor of 648 and 56?
8
Calculate the highest common divisor of 225 and 36.
9
Calculate the greatest common factor of 1623 and 3.
3
Calculate the greatest common divisor of 960 and 15.
15
Calculate the highest common factor of 6181 and 7.
7
Calculate the highest common factor of 688 and 16.
16
What is the greatest common factor of 32 and 25952?
32
What is the highest common divisor of 2334 and 12?
6
Calculate the greatest common divisor of 520 and 560.
40
Calculate the greatest common factor of 3 and 303.
3
What is the greatest common divisor of 104 and